 13, what is 4 - -71054a?
710551
In base 14, what is a + 6da351b?
6da3527
In base 14, what is -350 - -224a?
1cda
In base 10, what is 410 - -43518?
43928
In base 6, what is 1015300 + -42?
1015214
In base 15, what is -96d3c + -1?
-96d3d
In base 3, what is 22011221012 - 11221?
22011202021
In base 10, what is 54511 + -1943?
52568
In base 2, what is 11110100000111 + 1001111101000?
101000011101111
In base 16, what is 19f - 1374d7?
-137338
In base 11, what is 14a20 + -15608?
-698
In base 11, what is 54a009 - 3?
54a006
In base 12, what is 177 + 3498?
3653
In base 11, what is -166 + a6607?
a6451
In base 15, what is d + -b0731?
-b0723
In base 14, what is d + 1c1830?
1c183d
In base 12, what is 16592a576 + 0?
16592a576
In base 2, what is -1111101110000100101111 - -1010?
-1111101110000100100101
In base 10, what is 3 + -26982107?
-26982104
In base 13, what is -3333c - -3109?
-30233
In base 8, what is -441123 + 345?
-440556
In base 7, what is -24 + 521360243?
521360216
In base 9, what is -88668 + -2655?
-102434
In base 13, what is 13 + 1b8c46?
1b8c59
In base 15, what is -a645c0 + 33?
-a6458c
In base 12, what is -14 + 2323794?
2323780
In base 8, what is 1771345265 + -4?
1771345261
In base 9, what is -84542522 + 0?
-84542522
In base 9, what is -17156 - -460?
-16586
In base 3, what is -2 + -1120021212020?
-1120021212022
In base 2, what is -1 - -1010111010000110011111?
1010111010000110011110
In base 9, what is -5 - -211415?
211410
In base 12, what is -146 - 1854a?
-18694
In base 6, what is 14 - -40542145?
40542203
In base 13, what is -1227c03 - -23?
-1227bb0
In base 7, what is -522 + -35013?
-35535
In base 9, what is -1 + 1563288?
1563287
In base 11, what is -2 + 8088430?
8088429
In base 15, what is 3828 - -403?
3c2b
In base 12, what is -97b8807 + 4?
-97b8803
In base 5, what is 11 - -1230204323?
1230204334
In base 11, what is 18a20 + -727?
182a4
In base 8, what is 647 + 22664?
23533
In base 3, what is 21001002 + -222011?
20001221
In base 2, what is 10010010111110001000100011001 - -1?
10010010111110001000100011010
In base 6, what is 2 - -54405114?
54405120
In base 15, what is -18b - 12aa0?
-12c3b
In base 5, what is -21233420400 - 0?
-21233420400
In base 7, what is -60 - 50315665?
-50316055
In base 9, what is 3 - -147850061?
147850064
In base 2, what is -1011111 - -11000011111101110010?
11000011111100010011
In base 8, what is 116475 + -204?
116271
In base 12, what is -65687 - 4?
-6568b
In base 16, what is 1fa4f63 + 2?
1fa4f65
In base 7, what is -12106 + 4420?
-4356
In base 9, what is -82623 - -1062?
-81551
In base 4, what is -1120203203 + -31?
-1120203300
In base 2, what is -1001001100110110 + -10111011?
-1001001111110001
In base 2, what is 100000000100 + -1000110100000?
-100110011100
In base 8, what is 502 - -3061000?
3061502
In base 11, what is 172 - 2897325?
-2897163
In base 8, what is 23600613 - 0?
23600613
In base 16, what is 61 - -39f146?
39f1a7
In base 13, what is 2 + 97a22b2?
97a22b4
In base 10, what is -1 - -47105010?
47105009
In base 5, what is -21440120 - 121?
-21440241
In base 14, what is -21 + -2d53742?
-2d53763
In base 13, what is -1966a32b - -3?
-1966a328
In base 5, what is -23143 + 2132?
-21011
In base 6, what is 444221414 - -13?
444221431
In base 10, what is 148049553 - 0?
148049553
In base 14, what is 17883bd2 - 0?
17883bd2
In base 10, what is 680205506 - -5?
680205511
In base 6, what is -1 + -2323455535?
-2323455540
In base 7, what is -3160126 + 6452?
-3150344
In base 10, what is 64693066 - -4?
64693070
In base 14, what is 4977 + -2130?
2847
In base 9, what is -1125 - -24322?
23186
In base 2, what is -10010000111001110100 - 101?
-10010000111001111001
In base 8, what is -402 - 572?
-1174
In base 3, what is 10200122212022 + -20?
10200122212002
In base 5, what is 10 - -110210110313?
110210110323
In base 4, what is -11110011 - -31?
-11103320
In base 12, what is -137 - 46a45?
-46b80
In base 5, what is 14 + 2003011102?
2003011121
In base 9, what is 1186622 - 22?
1186600
In base 15, what is 172456 - -517?
17296d
In base 13, what is -839 - -2935?
20c9
In base 3, what is -12020020000001 - -2012?
-12020012220212
In base 9, what is 10 + 12882366?
12882376
In base 13, what is -12 - -83403?
833c1
In base 3, what is -1 + 12101010021201?
12101010021200
In base 6, what is 151523445 - 210?
151523235
In base 2, what is -10010101000 + 101001111000?
10111010000
In base 9, what is -4 - -68381050?
68381045
In base 8, what is -1126 + -1132703?
-1134031
In base 6, what is -3534 - -15105230?
15101252
In base 7, what is 5 + -11125254?
-11125246
In base 13, what is -4986 - 2a6?
-4c5c
In base 15, what is 7605d + 11?
7606e
In base 12, what is 5 + 46189?
46192
In base 13, what is a4 - 611167?
-611093
In base 9, what is 10 + -780328?
-780318
In base 6, what is 310552 + -10?
310542
In base 8, what is -7611663 - 15?
-7611700
In base 14, what is 1004 + 654d?
7553
In base 4, what is -122 + -303302201?
-303302323
In base 12, what is 11b + 1b204?
1b323
In base 2, what is 1000001 - -1010000000101111?
1010000001110000
In base 9, what is 520 - 50521?
-50001
In base 10, what is 19613688 + 12?
19613700
In base 12, what is a038b7 - 31?
a03886
In base 4, what is -2211332 + 13133?
-2132133
In base 16, what is 129 + -832?
-709
In base 9, what is -358365 + 1382?
-356873
In base 12, what is 4 - a2363?
-a235b
In base 3, what is -2102 + 1101101011122?
1101101002020
In base 10, what is 5 + 3386300?
3386305
In base 11, what is -3 + 65804a7?
65804a4
In base 9, what is -232 - -15244?
15012
In base 8, what is 2513661 - 72?
2513567
In base 13, what is 36 - 116c4?
-1168b
In base 10, what is 425423 + 187?
425610
In base 6, what is 2 - -51452421?
51452423
In base 14, what is -78c7c5c + 4?
-78c7c58
In base 9, what is 2 - 611672811?
-611672808
In base 7, what is 2355403 - 1150?
2354223
In base 6, what is -1312122 + 340?
-1311342
In base 12, what is -276a4 - -218?
-27488
In base 15, what is -2c45 + 389?
-28ab
In base 14, what is 3c91b - -78?
3c995
In base 4, what is 110100321320 + 113?
110100322033
In base 13, what is -2178 + 1cb3?
-195
In base 3, what is -100212110102121120 + -12?
-100212110102121202
In base 4, what is 1320231 - 102102?
1212123
In base 3, what is 120201021002121 - -1?
120201021002122
In base 6, what is -10444 + -1244?
-12132
In base 8, what is -1 + 13100114?
13100113
In base 13, what is 3cc93 + -150?
3cb43
In base 14, what is 2 - 121ba8?
-121ba6
In base 12, what is ba25 + 5000?
14a25
In base 11, what is -6717 - -27722?
21006
In base 11, what is 67855 + 369?
68113
In base 14, what is 2c + -13537?
-13509
In base 3, what is 1012 - -2120002210112?
2120002211201
In base 9, what is -3 - 8220354?
-8220357
In base 12, what is -453477 - 1?
-453478
In base 14, what is ca31a + -1d?
ca2db
In base 15, what is -2c6180 + 4e?
-2c6131
In base 6, what is -231201053 + 1?
-231201052
In base 13, what is -382b5 - 74c?
-38a34
In base 13, what is -56a261 + 8?
-56a256
In base 12, what is -49a15a5 + 4?
-49a15a1
In base 11, what is -4178730a + 1?
-41787309
In base 13, what is 1a1281856 - -2?
1a1281858
In base 13, what is -1 - -10470146?
10470145
In base 9, what is 184646 + -108?
184537
In base 2, what is -1001110000100110111101 - -10011?
-1001110000100110101010
In base 2, what is -1000110111010011010101000 + 101?
-1000110111010011010100011
In base 9, what is -8006 + 31514?
22507
In base 8, what is 2 - -11745240?
11745242
In base 16, what is -b3c45fd - 3?
-b3c4600
In base 13, what is -2814ba7 - 7?
-2814bb1
In base 14, what is -39 - -4634b?
46312
In base 4, what is -220001332 + -20213?
-220022211
In base 6, what is -422 - -10444420?
10443554
In base 10, what is 43 - 292608?
-292565
In base 11, what is -4290a - 191?
-42aa0
In base 10, what is -18026835 - 15?
-18026850
In base 16, what is -2d8d - -dab9?
ad2c
In base 3, what is 0 - -21022221202222?
21022221202222
In base 11, what is -5 - 4059a19?
-4059a23
In base 5, what is -32342202 - 2134?
-32344341
In base 4, what is -11 + 1300023231322?
1300023231311
In base 2, what is -11011 + 100001100100100110?
100001100100001011
In base 12, what is 51 - -48a19b?
48a230
In base 6, what is 3500205 + 420?
3501025
In base 10, what is -658 + 39125?
38467
In base 6, what is -42502055 + 5?
-42502050
In base 5, what is -11000141 + 131?
-11000010
In base 15, what is -4193 + 422?
-3c